et k(x) = -5 + 6 + 1 - 46*x + 5. Is k(g) prime?
False
Let i(u) = 2*u + 25. Let l be i(0). Suppose -4*h + h + 3*s + 618 = 0, 5*s = l. Is h prime?
True
Let q(s) = -683*s + 48. Let x be q(13). Is (x - 3)/(14/(-7)) composite?
True
Let z = 3959 + 10322. Is z a prime number?
True
Let k(u) = 3*u + 27. Let v be k(-9). Suppose -g + 6*t - 5*t + 3793 = v, -3*t - 6 = 0. Is g prime?
False
Suppose 6*r - 3329 = 6385. Is r a prime number?
True
Let r = -1584 - -4397. Is r prime?
False
Suppose 100*r = 103*r - 642. Let d = -87 + r. Is d prime?
True
Suppose -46 = 4*z - 130. Let c = 31 - z. Let m = 89 - c. Is m prime?
True
Let u(a) = -452*a**3 - a**2 - 2*a + 7. Is u(-4) prime?
True
Suppose 0*h = -5*l - 3*h + 6, 15 = -5*h. Suppose 0 = -2*o + l*g + 2410, 0 = -4*o - 3*g - 1376 + 6196. Is o composite?
True
Let x(w) = -w**2 - 8*w - 7. Let p(n) = n**2 + 5*n - 2. Let i be p(-4). Let k be x(i). Suppose 228 + 167 = k*v. Is v a composite number?
False
Let j be (10/30)/(1/795). Let x = 552 - j. Is x prime?
False
Suppose -10*d + 4*z - 22098 = -12*d, 0 = 2*z + 8. Is d a prime number?
True
Is (-49)/(-14)*-2 + 338 a composite number?
False
Suppose m = 6*m - 16*m. Is 2 - m - (-2 + (-1393 - 2)) a prime number?
True
Suppose -2*l + 0 = 5*s + 16, 0 = 5*l + s - 6. Suppose l*a + 91 = g - 250, 4*g + 3*a = 1342. Is g prime?
True
Let i(d) = -d**3 + d - 2. Let w be i(-2). Suppose -w*n = -9*n. Suppose 105 = 3*p - 0*z + 3*z, 3*p + 2*z - 108 = n. Is p a composite number?
True
Let a(s) be the third derivative of s**7/630 + s**6/80 + s**5/12 + s**4/6 - 5*s**2. Let p(v) be the second derivative of a(v). Is p(-7) composite?
True
Suppose 0 = -3*f + 5*s - 1208, 3*f + 1205 = -4*s + 6*s. Let k = -286 - f. Is k prime?
False
Let h = -22072 - -37221. Is h a composite number?
False
Let i be 1 + 2 - 21/7. Suppose 3*k + 2*k - s - 979 = i, 2 = 2*s. Suppose -5*w = -w - l - k, 0 = 2*l. Is w a prime number?
False
Let n(o) = -117*o**2 - 2*o + 1. Let r be n(1). Let i = 47 - r. Suppose c = 5*j + 27 + 28, 0 = -3*c + 3*j + i. Is c a composite number?
True
Suppose 161*r - 157*r + 4*z = 2536, -5*z = -5*r + 3160. Is r composite?
True
Let g(f) be the second derivative of -f**4/12 + 10*f**3/3 - 11*f**2/2 + 7*f. Is g(10) a composite number?
False
Let f = 1706 - -6667. Suppose f + 439 = 4*v. Is v a prime number?
True
Suppose -3*s - 13*q + 12*q + 30233 = 0, s = 5*q + 10099. Is s a prime number?
True
Let d(t) = -t + 10. Let o be d(10). Suppose 0 = -o*s - s + 2. Suppose -s*z = -0*z - 134. Is z prime?
True
Let p = -33966 + 60935. Is p a composite number?
True
Let a = 21 + -17. Suppose 6591 = a*f - 613. Is f prime?
True
Suppose 5*a = -4 - 1. Let t be -1*(a + -2) - 7. Let o(k) = 2*k**2 - k + 1. Is o(t) prime?
True
Let g(c) = -c**3 - 2*c**2 + 15. Let n be g(0). Suppose -3*u = n, 2*s - 16 = s + u. Is s a composite number?
False
Let l = -473 + 245. Let k = -135 - l. Is -5*1*k/(-15) composite?
False
Let u(a) = -3*a - 41. Let f be u(-13). Is ((-2)/f + -4)*3639/(-9) composite?
False
Let w(i) = -145*i. Let g(a) = -290*a. Let t(x) = 4*g(x) - 7*w(x). Is t(-1) prime?
False
Suppose 4*g + 3*x = -2*x + 4, -2*x = 2*g. Is g*(3 - 1318/8) a composite number?
False
Suppose 5 = 3*g + a, 10 = a + a. Suppose -19*p + 23*p - 276 = g. Is p a composite number?
True
Suppose -4*y + 2*h = -39654, 9915 = -7*y + 8*y - 2*h. Is y composite?
True
Let d(l) = -2*l**2 + 14*l - 7. Let m be d(6). Suppose m*x = 3*h - 2*h + 2815, 3*h = 0. Is x prime?
True
Suppose 0 = 44*g - 68060 - 66096. Is g a composite number?
False
Suppose -4*m + 8227 = -3*l, -3*m = 2*m - 5*l - 10290. Let h = -983 + m. Suppose -3*o = 5*z - 1046, 5*z - 4*o = o + h. Is z prime?
True
Suppose 9*a + 2499 = 12156. Let y = a + -334. Is y a composite number?
False
Let r(z) = -11*z - 26. Let c = 9 + -20. Is r(c) a prime number?
False
Suppose 11 = 8*y - 5. Is (y + (-10)/6)*(-2 - -6539) a composite number?
False
Is (6 + 1208)/(6/33) prime?
False
Let m(d) = -3*d + 11. Let f be m(5). Let l be 7/1 + (0 - f). Let a(c) = c**3 - 9*c**2 - 9*c + 2. Is a(l) a prime number?
False
Is (-4 + 1101/6)/((-8)/(-1424)) a prime number?
False
Let u(d) = 4 - d**3 - 12 + 19 + 25*d**2 + 14 - 14*d. Is u(18) a composite number?
True
Is (-32)/(11 - 3) - (0 - 5725) prime?
False
Suppose -2*p = 3*v - 661, -747 - 363 = -5*v + 5*p. Suppose 3*g - 532 = v. Is g prime?
True
Suppose -5*z = -2*m - 123109, -5*z + 132385 - 9279 = -3*m. Is z a prime number?
True
Let a = 2 - 4. Let d be 4*(3 + (a - 0)). Suppose -298 - 162 = -d*y. Is y a composite number?
True
Let g be (1/3)/((-2)/(-1842)). Is 2/(((-4)/g)/(1*-6)) prime?
False
Let y(q) = 14*q**3 + 13*q**2 - 19*q - 53. Is y(11) a composite number?
True
Suppose 2*g = 882 + 2904. Is g a composite number?
True
Let u(v) = -v**3 - 2*v**2 + 2*v + 3. Let z be u(-2). Let a(k) = -235*k**2 + 2*k + 1. Let l be a(z). Let c = -130 - l. Is c a prime number?
False
Suppose 0*t + t = f + 10, -3*t + 5*f = -20. Suppose -4062 = -t*m + 9*m. Is m a prime number?
True
Let k(w) be the second derivative of 13*w**6/720 - 5*w**5/24 - w**4 + 7*w. Let b(x) be the third derivative of k(x). Is b(20) prime?
False
Suppose -4*f + 236033 = a, -2*f + 175098 = -2*a + 57074. Is f composite?
False
Let o(n) = 6*n - 4. Suppose -2*y + 18 = -3*z, y - 5*z + 0 - 23 = 0. Is o(y) composite?
True
Let v = -751 + 3558. Suppose z - v - 356 = 0. Is z prime?
True
Suppose c + 15740 = 5*y - 49155, 2*y = c + 25958. Is y a composite number?
False
Let h(w) be the second derivative of w**5/20 + 5*w**3/6 - w**2/2 + 34*w. Let v(s) = s**2 - 5*s + 5. Let k be v(5). Is h(k) a composite number?
False
Let d = -7632 + 15019. Is d prime?
False
Suppose 4*c = -2*u + 13956, 2*u + 4039 = 5*c - 13424. Is c composite?
False
Let s(x) = -11*x - 9. Let g be s(-6). Let n be g - 5/(20/12). Let t = n + -15. Is t a composite number?
True
Let g(w) = -w**3 + 7*w**2 + 9. Suppose -x + 3*n = -19, -27 = -5*x + 2*n - 4*n. Let u be g(x). Is u/(-3) - 2450/(-5) prime?
True
Suppose 2*a - 2*j + 10 = -2*a, -2*a + 15 = 3*j. Suppose 2*n + a*n - 718 = 0. Is n prime?
True
Suppose -1596 = -6*x + 9486. Is x composite?
False
Suppose 6*f - f = p - 710, p + 3*f = 670. Is p a prime number?
False
Let w(d) = 652*d**2 + 17*d + 70. Is w(-5) a prime number?
False
Let x(h) = 3*h**2 - 8*h. Let r(q) = q**3 + 7*q**2 + 8*q + 5. Let y be r(-6). Is x(y) prime?
False
Let h(a) = -a**3 + 13*a**2 - 12*a - 5. Let s be h(7). Let l = 0 + s. Is l prime?
False
Let y(x) = 4*x**2 + 5*x + 4. Let j(n) = -5*n - 6. Let s be j(-7). Let c = s - 20. Is y(c) composite?
False
Suppose -6*w = -w + 3*n + 336, -4*n + 219 = -3*w. Let a be -4*(-1 + 2 + 7). Let t = a - w. Is t a composite number?
False
Let s(o) = 120*o - 10. Let z be s(2). Suppose -2*h + 4*r = 36 - z, -3 = r. Is h a prime number?
False
Let i = -11613 - -16870. Is i a prime number?
False
Let d = 4012 - 225. Is d composite?
True
Let x = 21 - -153. Let u = 755 - x. Is u a prime number?
False
Suppose 0 = 2*v - 0*v + 14. Let b(h) be the second derivative of -h**5/10 - h**4/4 - h**3/6 + 7*h**2/2 + 7*h - 10. Is b(v) a composite number?
True
Let j = -16329 - -41170. Is j composite?
False
Let d be 3 - (3 - -1) - -5. Suppose d*a = 5*h + 129, -4*a + 0*h + h = -109. Suppose -2*g + 1108 = a. Is g prime?
True
Is 855/475 - 454532/(-10) a composite number?
True
Let h(x) = 50*x**2 + 21*x + 6. Is h(-7) a composite number?
False
Let u(z) = 3*z**3 - 7*z**2 - 23*z - 47. Is u(11) composite?
True
Let m(s) = 47*s - 26*s - 2 - 20*s - 3 + 614*s**2. Is m(2) a prime number?
False
Suppose 0 = 7*k - 9*k + 936. Let x = 21 + k. Is x composite?
True
Let v(g) = -15*g**3 - g**2 + 10*g + 11. Let m be v(-6). Let y = m - 1624. Is y prime?
True
Let o(z) = 2*z**2 - 8*z + 7. Suppose 0 = -7*n - 3*n + 100. Is o(n) prime?
True
Let s = -3070 + 13023. Is s composite?
True
Let x be ((-12)/5)/(1/(-260)). Suppose -3*r - 1359 = -12*r. Let i = x - r. Is i a composite number?
True
Let a(f) = -2*f + 16. Let p be a(7). Suppose -5*m = -2*k - 774, -p*k - 786 = -0*m + m. Let r = -179 - k. Is r a composite number?
True
Let s = 46 - 27. Let k = 4 + s. Let i = 30 + k. Is i composite?
False
Let s be (2 + (18 - -3))*(27 - 2). Suppose 5*y = 4*h + y - 584, -y - s = -4*h. Is h a composite number?
True
Suppose 22408 = -8*u + 4*u. Let y = -3549 - u. Is y prime?
True
Let l be 5 - (3 - 0) - 2. Suppose l = 3*g - 3 - 12. Suppose 38 + 57 